	



	
{"id":24,"date":"2024-08-01T09:27:35","date_gmt":"2024-08-01T07:27:35","guid":{"rendered":"https:\/\/kitbase.webs.fococonsultores.es\/?page_id=24"},"modified":"2024-08-01T09:27:36","modified_gmt":"2024-08-01T07:27:36","slug":"horario","status":"publish","type":"page","link":"https:\/\/priegofont.es\/index.php\/horario\/","title":{"rendered":"Horario"},"content":{"rendered":"\n<div style=\"height:4vh\" aria-hidden=\"true\" class=\"wp-block-spacer\"><\/div>\n\n\n<div class=\"yoast-breadcrumbs\"><span><span><a href=\"https:\/\/priegofont.es\/\">Portada<\/a> \u00bb <span class=\"breadcrumb_last\" aria-current=\"page\">Horario<\/span><\/span><\/span><\/div>\n\n\n<div class=\"wp-block-cover alignfull\" style=\"min-height:60vh\"><span aria-hidden=\"true\" class=\"wp-block-cover__background has-background-dim-90 has-background-dim\" style=\"background-color:#1a1a1a\"><\/span><img decoding=\"async\" loading=\"lazy\" width=\"1024\" height=\"1024\" class=\"wp-block-cover__image-background wp-image-768\" alt=\"\" src=\"https:\/\/priegofont.es\/wp-content\/uploads\/sites\/54\/2024\/08\/92edc87a-892c-47de-bd00-1d20f84d6253.jpeg\" style=\"object-position:50% 50%\" data-object-fit=\"cover\" data-object-position=\"50% 50%\" srcset=\"https:\/\/priegofont.es\/wp-content\/uploads\/sites\/54\/2024\/08\/92edc87a-892c-47de-bd00-1d20f84d6253.jpeg 1024w, https:\/\/priegofont.es\/wp-content\/uploads\/sites\/54\/2024\/08\/92edc87a-892c-47de-bd00-1d20f84d6253-300x300.jpeg 300w, https:\/\/priegofont.es\/wp-content\/uploads\/sites\/54\/2024\/08\/92edc87a-892c-47de-bd00-1d20f84d6253-150x150.jpeg 150w, https:\/\/priegofont.es\/wp-content\/uploads\/sites\/54\/2024\/08\/92edc87a-892c-47de-bd00-1d20f84d6253-768x768.jpeg 768w, https:\/\/priegofont.es\/wp-content\/uploads\/sites\/54\/2024\/08\/92edc87a-892c-47de-bd00-1d20f84d6253-600x600.jpeg 600w\" sizes=\"(max-width: 1024px) 100vw, 1024px\" \/><div class=\"wp-block-cover__inner-container\">\n<div class=\"is-layout-flex wp-container-6 wp-block-columns\">\n<div class=\"is-layout-flow wp-block-column\" style=\"flex-basis:20%\">\n<h1 class=\"has-text-align-center has-large-font-size\">Horario<\/h1>\n<\/div>\n\n\n\n<div class=\"is-layout-flow wp-block-column\" style=\"flex-basis:5%\">\n<figure class=\"wp-block-image size-full\"><img decoding=\"async\" loading=\"lazy\" width=\"500\" height=\"500\" src=\"https:\/\/priegofont.es\/wp-content\/uploads\/sites\/54\/2022\/11\/horario.png\" alt=\"Horario\" class=\"wp-image-56\" srcset=\"https:\/\/priegofont.es\/wp-content\/uploads\/sites\/54\/2022\/11\/horario.png 500w, https:\/\/priegofont.es\/wp-content\/uploads\/sites\/54\/2022\/11\/horario-300x300.png 300w, https:\/\/priegofont.es\/wp-content\/uploads\/sites\/54\/2022\/11\/horario-150x150.png 150w\" sizes=\"(max-width: 500px) 100vw, 500px\" \/><\/figure>\n<\/div>\n\n\n\n<div class=\"is-layout-flow wp-block-column\" style=\"flex-basis:25%\">\n<h2 class=\"has-text-color\" style=\"color:#f9f9f9\"><strong>Lunes a viernes:<\/strong><\/h2>\n\n\n\n<p class=\"has-text-color\" style=\"color:#cfcfcf\">Ma\u00f1anas de 8:00 a 14:00 h<\/p>\n\n\n\n<p class=\"has-text-color\" style=\"color:#cfcfcf\">Tardes de 16:00 a 18:00 h<\/p>\n<\/div>\n\n\n\n<div class=\"is-layout-flow wp-block-column\" style=\"flex-basis:25%\">\n<h2 class=\"has-text-color\" style=\"color:#f9f9f9\"><strong>S\u00e1bados, domingos y festivos:<\/strong><\/h2>\n\n\n\n<p class=\"has-text-color\" style=\"color:#cfcfcf\">Cerrado<\/p>\n<\/div>\n\n\n\n<div class=\"is-layout-flow wp-block-column\" style=\"flex-basis:25%\"><\/div>\n<\/div>\n<\/div><\/div>\n","protected":false},"excerpt":{"rendered":"","protected":false},"author":2,"featured_media":0,"parent":0,"menu_order":0,"comment_status":"closed","ping_status":"closed","template":"","meta":{"_mi_skip_tracking":false},"yoast_head":"<!-- This site is optimized with the Yoast SEO plugin v19.10 - https:\/\/yoast.com\/wordpress\/plugins\/seo\/ -->\n<title>Horario - Priegofont<\/title>\n<meta name=\"description\" content=\"Aqu\u00ed puede encontrar el horario en el que encontrar\u00e1 abierto y cerrado al p\u00fablico, nuestro establecimiento en su ubicaci\u00f3n.\" \/>\n<meta name=\"robots\" content=\"index, follow, max-snippet:-1, max-image-preview:large, max-video-preview:-1\" \/>\n<link rel=\"canonical\" href=\"https:\/\/priegofont.es\/index.php\/horario\/\" \/>\n<meta property=\"og:locale\" content=\"es_ES\" \/>\n<meta property=\"og:type\" content=\"article\" \/>\n<meta property=\"og:title\" content=\"Horario - Priegofont\" \/>\n<meta property=\"og:description\" content=\"Aqu\u00ed puede encontrar el horario en el que encontrar\u00e1 abierto y cerrado al p\u00fablico, nuestro establecimiento en su ubicaci\u00f3n.\" \/>\n<meta property=\"og:url\" content=\"https:\/\/priegofont.es\/index.php\/horario\/\" \/>\n<meta property=\"og:site_name\" content=\"Priegofont\" \/>\n<meta property=\"article:modified_time\" content=\"2024-08-01T07:27:36+00:00\" \/>\n<meta property=\"og:image\" content=\"https:\/\/priegofont.es\/wp-content\/uploads\/sites\/54\/2024\/08\/92edc87a-892c-47de-bd00-1d20f84d6253.jpeg\" \/>\n<meta name=\"twitter:card\" content=\"summary_large_image\" \/>\n<meta name=\"twitter:label1\" content=\"Tiempo de lectura\" \/>\n\t<meta name=\"twitter:data1\" content=\"1 minuto\" \/>\n<script type=\"application\/ld+json\" class=\"yoast-schema-graph\">{\"@context\":\"https:\/\/schema.org\",\"@graph\":[{\"@type\":\"WebPage\",\"@id\":\"https:\/\/priegofont.es\/index.php\/horario\/\",\"url\":\"https:\/\/priegofont.es\/index.php\/horario\/\",\"name\":\"Horario - Priegofont\",\"isPartOf\":{\"@id\":\"https:\/\/priegofont.es\/#website\"},\"datePublished\":\"2024-08-01T07:27:35+00:00\",\"dateModified\":\"2024-08-01T07:27:36+00:00\",\"description\":\"Aqu\u00ed puede encontrar el horario en el que encontrar\u00e1 abierto y cerrado al p\u00fablico, nuestro establecimiento en su ubicaci\u00f3n.\",\"breadcrumb\":{\"@id\":\"https:\/\/priegofont.es\/index.php\/horario\/#breadcrumb\"},\"inLanguage\":\"es\",\"potentialAction\":[{\"@type\":\"ReadAction\",\"target\":[\"https:\/\/priegofont.es\/index.php\/horario\/\"]}]},{\"@type\":\"BreadcrumbList\",\"@id\":\"https:\/\/priegofont.es\/index.php\/horario\/#breadcrumb\",\"itemListElement\":[{\"@type\":\"ListItem\",\"position\":1,\"name\":\"Portada\",\"item\":\"https:\/\/priegofont.es\/\"},{\"@type\":\"ListItem\",\"position\":2,\"name\":\"Horario\"}]},{\"@type\":\"WebSite\",\"@id\":\"https:\/\/priegofont.es\/#website\",\"url\":\"https:\/\/priegofont.es\/\",\"name\":\"Priegofont\",\"description\":\"Priegofont es una empresa especializada en el riego y fontaner\u00eda en Murcia\",\"publisher\":{\"@id\":\"https:\/\/priegofont.es\/#organization\"},\"potentialAction\":[{\"@type\":\"SearchAction\",\"target\":{\"@type\":\"EntryPoint\",\"urlTemplate\":\"https:\/\/priegofont.es\/?s={search_term_string}\"},\"query-input\":\"required name=search_term_string\"}],\"inLanguage\":\"es\"},{\"@type\":\"Organization\",\"@id\":\"https:\/\/priegofont.es\/#organization\",\"name\":\"Priegofont\",\"url\":\"https:\/\/priegofont.es\/\",\"logo\":{\"@type\":\"ImageObject\",\"inLanguage\":\"es\",\"@id\":\"https:\/\/priegofont.es\/#\/schema\/logo\/image\/\",\"url\":\"https:\/\/priegofont.es\/wp-content\/uploads\/sites\/54\/2024\/07\/logo-PRIEGOFONT-2.jpg\",\"contentUrl\":\"https:\/\/priegofont.es\/wp-content\/uploads\/sites\/54\/2024\/07\/logo-PRIEGOFONT-2.jpg\",\"width\":600,\"height\":600,\"caption\":\"Priegofont\"},\"image\":{\"@id\":\"https:\/\/priegofont.es\/#\/schema\/logo\/image\/\"}}]}<\/script>\n<!-- \/ Yoast SEO plugin. -->","yoast_head_json":{"title":"Horario - Priegofont","description":"Aqu\u00ed puede encontrar el horario en el que encontrar\u00e1 abierto y cerrado al p\u00fablico, nuestro establecimiento en su ubicaci\u00f3n.","robots":{"index":"index","follow":"follow","max-snippet":"max-snippet:-1","max-image-preview":"max-image-preview:large","max-video-preview":"max-video-preview:-1"},"canonical":"https:\/\/priegofont.es\/index.php\/horario\/","og_locale":"es_ES","og_type":"article","og_title":"Horario - Priegofont","og_description":"Aqu\u00ed puede encontrar el horario en el que encontrar\u00e1 abierto y cerrado al p\u00fablico, nuestro establecimiento en su ubicaci\u00f3n.","og_url":"https:\/\/priegofont.es\/index.php\/horario\/","og_site_name":"Priegofont","article_modified_time":"2024-08-01T07:27:36+00:00","og_image":[{"url":"https:\/\/priegofont.es\/wp-content\/uploads\/sites\/54\/2024\/08\/92edc87a-892c-47de-bd00-1d20f84d6253.jpeg"}],"twitter_card":"summary_large_image","twitter_misc":{"Tiempo de lectura":"1 minuto"},"schema":{"@context":"https:\/\/schema.org","@graph":[{"@type":"WebPage","@id":"https:\/\/priegofont.es\/index.php\/horario\/","url":"https:\/\/priegofont.es\/index.php\/horario\/","name":"Horario - Priegofont","isPartOf":{"@id":"https:\/\/priegofont.es\/#website"},"datePublished":"2024-08-01T07:27:35+00:00","dateModified":"2024-08-01T07:27:36+00:00","description":"Aqu\u00ed puede encontrar el horario en el que encontrar\u00e1 abierto y cerrado al p\u00fablico, nuestro establecimiento en su ubicaci\u00f3n.","breadcrumb":{"@id":"https:\/\/priegofont.es\/index.php\/horario\/#breadcrumb"},"inLanguage":"es","potentialAction":[{"@type":"ReadAction","target":["https:\/\/priegofont.es\/index.php\/horario\/"]}]},{"@type":"BreadcrumbList","@id":"https:\/\/priegofont.es\/index.php\/horario\/#breadcrumb","itemListElement":[{"@type":"ListItem","position":1,"name":"Portada","item":"https:\/\/priegofont.es\/"},{"@type":"ListItem","position":2,"name":"Horario"}]},{"@type":"WebSite","@id":"https:\/\/priegofont.es\/#website","url":"https:\/\/priegofont.es\/","name":"Priegofont","description":"Priegofont es una empresa especializada en el riego y fontaner\u00eda en Murcia","publisher":{"@id":"https:\/\/priegofont.es\/#organization"},"potentialAction":[{"@type":"SearchAction","target":{"@type":"EntryPoint","urlTemplate":"https:\/\/priegofont.es\/?s={search_term_string}"},"query-input":"required name=search_term_string"}],"inLanguage":"es"},{"@type":"Organization","@id":"https:\/\/priegofont.es\/#organization","name":"Priegofont","url":"https:\/\/priegofont.es\/","logo":{"@type":"ImageObject","inLanguage":"es","@id":"https:\/\/priegofont.es\/#\/schema\/logo\/image\/","url":"https:\/\/priegofont.es\/wp-content\/uploads\/sites\/54\/2024\/07\/logo-PRIEGOFONT-2.jpg","contentUrl":"https:\/\/priegofont.es\/wp-content\/uploads\/sites\/54\/2024\/07\/logo-PRIEGOFONT-2.jpg","width":600,"height":600,"caption":"Priegofont"},"image":{"@id":"https:\/\/priegofont.es\/#\/schema\/logo\/image\/"}}]}},"_links":{"self":[{"href":"https:\/\/priegofont.es\/index.php\/wp-json\/wp\/v2\/pages\/24"}],"collection":[{"href":"https:\/\/priegofont.es\/index.php\/wp-json\/wp\/v2\/pages"}],"about":[{"href":"https:\/\/priegofont.es\/index.php\/wp-json\/wp\/v2\/types\/page"}],"author":[{"embeddable":true,"href":"https:\/\/priegofont.es\/index.php\/wp-json\/wp\/v2\/users\/2"}],"replies":[{"embeddable":true,"href":"https:\/\/priegofont.es\/index.php\/wp-json\/wp\/v2\/comments?post=24"}],"version-history":[{"count":15,"href":"https:\/\/priegofont.es\/index.php\/wp-json\/wp\/v2\/pages\/24\/revisions"}],"predecessor-version":[{"id":769,"href":"https:\/\/priegofont.es\/index.php\/wp-json\/wp\/v2\/pages\/24\/revisions\/769"}],"wp:attachment":[{"href":"https:\/\/priegofont.es\/index.php\/wp-json\/wp\/v2\/media?parent=24"}],"curies":[{"name":"wp","href":"https:\/\/api.w.org\/{rel}","templated":true}]}}